{"id":24,"date":"2015-05-17T15:02:08","date_gmt":"2015-05-17T15:02:08","guid":{"rendered":"http:\/\/www.ajedrezcanillejas.com\/wordpress\/?page_id=24"},"modified":"2022-10-12T15:46:02","modified_gmt":"2022-10-12T13:46:02","slug":"donde-estamos","status":"publish","type":"page","link":"https:\/\/www.ajedrezcanillejas.com\/wordpress\/index.php\/donde-estamos\/","title":{"rendered":"Nuestro club"},"content":{"rendered":"\n<h3>Composici\u00f3n del club<\/h3>\n<p><img decoding=\"async\" src=\"https:\/\/www.ajedrezcanillejas.com\/wordpress\/wp-content\/uploads\/2015\/05\/Quienessomos.jpg\" \/><\/p>\n<p>Actualmente nuestra Junta Directiva est\u00e1 compuesta por:<\/p>\n<ul style=\"list-style-type: disc;\">\n<li>Presidente: Fidel Fiz.<\/li>\n<li>Vicepresidente y Director Deportivo: Jos\u00e9 Domingo Caballero.<\/li>\n<li>Secretario y Responsable de Compras: Antonio Esp\u00ed.<\/li>\n<li>Tesorero: Pablo Clemares.<\/li>\n<\/ul>\n\n\n<div class=\"feature\">\n<h3>Nuestra sede<\/h3>\n<p>\u00a0<\/p>\n<p style=\"text-align: justify;\"><a href=\"https:\/\/www.ajedrezcanillejas.com\/wordpress\/wp-content\/uploads\/2015\/05\/Dondeestamos.jpg\"><img loading=\"lazy\" decoding=\"async\" class=\"aligncenter size-full wp-image-22\" src=\"https:\/\/www.ajedrezcanillejas.com\/wordpress\/wp-content\/uploads\/2015\/05\/Dondeestamos.jpg\" alt=\"D\u00f3nde estamos\" width=\"200\" height=\"150\" \/><\/a><\/p>\n<p style=\"text-align: justify;\">Estamos en el <strong>Centro Socio Cultural \u00abMiguel de Cervantes\u00bb<\/strong> en la <strong>calle Aliaga n\u00ba 5<\/strong> \u00f3 <strong>C\/Fenel\u00f3n n\u00ba6<\/strong>, en el barrio de Canillejas en Madrid.<\/p>\n<p style=\"text-align: justify;\">Puedes llegar en autob\u00fas <strong>(l\u00edneas 28, 48 y 140)<\/strong> o en metro <strong>(l\u00edneas 7-Las Musas, o 5-Canillejas o Torre Arias)<\/strong><\/p>\n<p style=\"text-align: justify;\">El horario en que podr\u00e1s acercarte al club a jugar es de 12&#8217;30 a 14&#8217;00 los s\u00e1bados.<\/p>\n<\/div>\n\n\n<figure class=\"wp-block-image size-large\"><a href=\"https:\/\/goo.gl\/maps\/hpHX7zRZWjpVgdZN9\" target=\"_blank\" rel=\"noopener\"><img loading=\"lazy\" decoding=\"async\" width=\"629\" height=\"295\" src=\"https:\/\/www.ajedrezcanillejas.com\/wordpress\/wp-content\/uploads\/2021\/07\/Mapa.png\" alt=\"\" class=\"wp-image-1904\" srcset=\"https:\/\/www.ajedrezcanillejas.com\/wordpress\/wp-content\/uploads\/2021\/07\/Mapa.png 629w, https:\/\/www.ajedrezcanillejas.com\/wordpress\/wp-content\/uploads\/2021\/07\/Mapa-300x141.png 300w\" sizes=\"auto, (max-width: 629px) 100vw, 629px\" \/><\/a><\/figure>\n\n\n","protected":false},"excerpt":{"rendered":"<p>Composici\u00f3n del club Actualmente nuestra Junta Directiva est\u00e1 compuesta por: Presidente: Fidel Fiz. Vicepresidente y Director Deportivo: Jos\u00e9 Domingo Caballero. Secretario y Responsable de Compras: Antonio Esp\u00ed. Tesorero: Pablo Clemares. Nuestra sede \u00a0 Estamos en el Centro Socio Cultural \u00abMiguel&hellip; <\/p>\n","protected":false},"author":1,"featured_media":0,"parent":0,"menu_order":0,"comment_status":"closed","ping_status":"closed","template":"","meta":{"footnotes":""},"class_list":["post-24","page","type-page","status-publish","hentry"],"_links":{"self":[{"href":"https:\/\/www.ajedrezcanillejas.com\/wordpress\/index.php\/wp-json\/wp\/v2\/pages\/24","targetHints":{"allow":["GET"]}}],"collection":[{"href":"https:\/\/www.ajedrezcanillejas.com\/wordpress\/index.php\/wp-json\/wp\/v2\/pages"}],"about":[{"href":"https:\/\/www.ajedrezcanillejas.com\/wordpress\/index.php\/wp-json\/wp\/v2\/types\/page"}],"author":[{"embeddable":true,"href":"https:\/\/www.ajedrezcanillejas.com\/wordpress\/index.php\/wp-json\/wp\/v2\/users\/1"}],"replies":[{"embeddable":true,"href":"https:\/\/www.ajedrezcanillejas.com\/wordpress\/index.php\/wp-json\/wp\/v2\/comments?post=24"}],"version-history":[{"count":28,"href":"https:\/\/www.ajedrezcanillejas.com\/wordpress\/index.php\/wp-json\/wp\/v2\/pages\/24\/revisions"}],"predecessor-version":[{"id":2313,"href":"https:\/\/www.ajedrezcanillejas.com\/wordpress\/index.php\/wp-json\/wp\/v2\/pages\/24\/revisions\/2313"}],"wp:attachment":[{"href":"https:\/\/www.ajedrezcanillejas.com\/wordpress\/index.php\/wp-json\/wp\/v2\/media?parent=24"}],"curies":[{"name":"wp","href":"https:\/\/api.w.org\/{rel}","templated":true}]}}