{"id":55,"date":"2015-05-17T15:59:22","date_gmt":"2015-05-17T15:59:22","guid":{"rendered":"http:\/\/www.ajedrezcanillejas.com\/wordpress\/?page_id=55"},"modified":"2016-09-23T21:29:25","modified_gmt":"2016-09-23T19:29:25","slug":"noticias-en-prensa","status":"publish","type":"page","link":"https:\/\/www.ajedrezcanillejas.com\/wordpress\/index.php\/noticias-en-prensa\/","title":{"rendered":"Noticias en prensa"},"content":{"rendered":"<p>&nbsp;<\/p>\n<ul>\n<li><a href=\"https:\/\/www.ajedrezcanillejas.com\/wordpress\/wp-content\/uploads\/2015\/05\/Articulo-Sept-2016.jpg\">Revista P\u00e1gina del Distrito-Sept16: Festival de Actividades en las fiestas<\/a><\/li>\n<li><a href=\"https:\/\/www.ajedrezcanillejas.com\/wordpress\/wp-content\/uploads\/2015\/05\/Articulo-Enero-2016.jpg\">Revista P\u00e1gina del Distrito-Enero16:I Torneo de la Solidaridad<\/a><\/li>\n<li id=\"pageName\"><a href=\"https:\/\/www.ajedrezcanillejas.com\/wordpress\/wp-content\/uploads\/2015\/05\/NP11Jun_1.pdf\" target=\"_blank\">Revista P\u00e1gina del Distrito-Marzo13: <\/a><a href=\"https:\/\/www.ajedrezcanillejas.com\/wordpress\/wp-content\/uploads\/2015\/05\/NP13Mar_1.pdf\" target=\"_blank\">Jaque mate al aburrimiento<\/a><\/li>\n<li><a href=\"https:\/\/www.ajedrezcanillejas.com\/wordpress\/wp-content\/uploads\/2015\/05\/NP11Jun_1.pdf\" target=\"_blank\">Revista P\u00e1gina del Distrito-Jul12:<\/a><a href=\"https:\/\/www.ajedrezcanillejas.com\/wordpress\/wp-content\/uploads\/2015\/05\/NP12Jul_1.pdf\" target=\"_blank\">La Blanca de Canillejas en el d\u00eda del deporte base <\/a><\/li>\n<li><a href=\"https:\/\/www.ajedrezcanillejas.com\/wordpress\/wp-content\/uploads\/2015\/05\/NP12Feb_1.pdf\" target=\"_blank\">Art\u00edculo en la revista WS Sports sobre el torneo infantil de Febrero de 2012<\/a><\/li>\n<li><a href=\"https:\/\/www.ajedrezcanillejas.com\/wordpress\/wp-content\/uploads\/2015\/05\/NP11Nov_1.pdf\" target=\"_blank\">Art\u00edculo sobre el club en la revista WS Sports San Blas Noviembre 2011<\/a><\/li>\n<li><a href=\"https:\/\/www.ajedrezcanillejas.com\/wordpress\/wp-content\/uploads\/2015\/05\/NP11Jun_1.pdf\" target=\"_blank\">Revista P\u00e1gina del Distrito-Jun11: Ajedrez La blanca asciende a la 1\u00aa divisi\u00f3n madrile\u00f1a<\/a><\/li>\n<li><a href=\"https:\/\/www.ajedrezcanillejas.com\/wordpress\/wp-content\/uploads\/2015\/05\/NP09May_1.pdf\" target=\"_blank\">Revista P\u00e1gina del Distrito-Mayo09: 5\u00aa Edici\u00f3n Torneo Memorial JFC<\/a><\/li>\n<li><a href=\"https:\/\/www.ajedrezcanillejas.com\/wordpress\/wp-content\/uploads\/2015\/05\/NP08Mar_1.pdf\" target=\"_blank\">Revista P\u00e1gina del Distrito-Mar08: 3\u00aa Edici\u00f3n Torneo Infantil<\/a><\/li>\n<li><a href=\"https:\/\/www.ajedrezcanillejas.com\/wordpress\/wp-content\/uploads\/2015\/05\/NP07Jun_1.pdf\" target=\"_blank\">Revista P\u00e1gina del Distrito-Jun07: 3\u00aa Edici\u00f3n Memorial \u00abJuan Francisco Castilla\u00bb<\/a><\/li>\n<li><a href=\"https:\/\/www.ajedrezcanillejas.com\/wordpress\/wp-content\/uploads\/2015\/05\/NP07Mar_1.pdf\" target=\"_blank\">Revista P\u00e1gina del Distrito-Mar07: 2\u00aa Edici\u00f3n Torneo Infantil<\/a><\/li>\n<li><a href=\"https:\/\/www.ajedrezcanillejas.com\/wordpress\/wp-content\/uploads\/2015\/05\/NP06Nov_1.pdf\" target=\"_blank\">Revista P\u00e1gina del Distrito-Nov06: Escuela de ajedrez \u00abLa Blanca\u00bb<\/a><\/li>\n<li><a href=\"https:\/\/www.ajedrezcanillejas.com\/wordpress\/wp-content\/uploads\/2015\/05\/NP06Mar_1.pdf\" target=\"_blank\">Revista P\u00e1gina del Distrito-Mar06: 1\u00aa Edici\u00f3n Torneo Infantil<\/a><\/li>\n<\/ul>\n<p>&nbsp;<\/p>\n","protected":false},"excerpt":{"rendered":"<p>&nbsp; Revista P\u00e1gina del Distrito-Sept16: Festival de Actividades en las fiestas Revista P\u00e1gina del Distrito-Enero16:I Torneo de la Solidaridad Revista P\u00e1gina del Distrito-Marzo13: Jaque mate al aburrimiento Revista P\u00e1gina del Distrito-Jul12:La Blanca de Canillejas en el d\u00eda del deporte base&hellip; <\/p>\n","protected":false},"author":1,"featured_media":0,"parent":0,"menu_order":0,"comment_status":"closed","ping_status":"closed","template":"","meta":{"footnotes":""},"class_list":["post-55","page","type-page","status-publish","hentry"],"_links":{"self":[{"href":"https:\/\/www.ajedrezcanillejas.com\/wordpress\/index.php\/wp-json\/wp\/v2\/pages\/55","targetHints":{"allow":["GET"]}}],"collection":[{"href":"https:\/\/www.ajedrezcanillejas.com\/wordpress\/index.php\/wp-json\/wp\/v2\/pages"}],"about":[{"href":"https:\/\/www.ajedrezcanillejas.com\/wordpress\/index.php\/wp-json\/wp\/v2\/types\/page"}],"author":[{"embeddable":true,"href":"https:\/\/www.ajedrezcanillejas.com\/wordpress\/index.php\/wp-json\/wp\/v2\/users\/1"}],"replies":[{"embeddable":true,"href":"https:\/\/www.ajedrezcanillejas.com\/wordpress\/index.php\/wp-json\/wp\/v2\/comments?post=55"}],"version-history":[{"count":9,"href":"https:\/\/www.ajedrezcanillejas.com\/wordpress\/index.php\/wp-json\/wp\/v2\/pages\/55\/revisions"}],"predecessor-version":[{"id":825,"href":"https:\/\/www.ajedrezcanillejas.com\/wordpress\/index.php\/wp-json\/wp\/v2\/pages\/55\/revisions\/825"}],"wp:attachment":[{"href":"https:\/\/www.ajedrezcanillejas.com\/wordpress\/index.php\/wp-json\/wp\/v2\/media?parent=55"}],"curies":[{"name":"wp","href":"https:\/\/api.w.org\/{rel}","templated":true}]}}